*b + j*f + 16. Suppose -b*l = 4*u - 34, l + 4*u + 0*u = -6. What is the tens digit of l?
1
What is the hundreds digit of 18/(-6) + 315 + 5?
3
Suppose k = 2*k - 35. What is the tens digit of k?
3
Suppose -u + 5*u = 8. What is the units digit of u?
2
Suppose 17 = q - 15. What is the units digit of q?
2
Let p = -17 - -107. Suppose 0*k - 2*k + 36 = b, b - p = -5*k. What is the tens digit of k?
1
Let s = 123 + -49. What is the units digit of s?
4
Let s(x) = -7*x - 9. What is the units digit of s(-10)?
1
Let h = 4 + 6. What is the tens digit of h?
1
Suppose -17*t = -10*t - 651. What is the units digit of t?
3
Suppose z - 2*z + 15 = 0. Suppose 0 = 2*l - 7*l + z. What is the units digit of l?
3
Let v = -390 + 667. What is the units digit of v?
7
Suppose 3*o - 2*a - 225 = 0, -a - 283 = -4*o - 4*a. What is the units digit of o?
3
Let g(a) be the third derivative of a**4/24 + 3*a**3/2 + a**2. What is the units digit of g(-5)?
4
Let n(k) = -k**3 + 4*k**2 + 7*k - 6. Let p be n(5). Suppose -60 + 21 = -3*o - r, -p*r = 0. What is the tens digit of o?
1
Let z be (-1)/(-2) - 55/(-10). Suppose -z + 2 = -2*w. Suppose 0 = h + 5*q - 18, 3 = w*h - 3*q + 6. What is the units digit of h?
3
Suppose 0 = -3*x + 34 + 8. What is the tens digit of x?
1
Suppose -m = -5*k + 27 - 72, -159 = -3*m + 3*k. Suppose 2*a - m = -5*u, 0 = -a - 2*u - 0*u + 26. What is the tens digit of a?
2
Let n(x) = x**3 + 8*x**2 + 3*x - 7. What is the units digit of n(-5)?
3
Let f(x) = 10*x**2 - 11*x + 20. What is the units digit of f(5)?
5
Let w = 173 - 91. What is the tens digit of w?
8
Let t(f) be the first derivative of -2*f**3/3 - f**2 + 4*f - 1. Let z be t(-3). What is the units digit of (-1 - 0)*(z - -3)?
5
What is the tens digit of (1 + -54)/(-3 + 2)?
5
Let z(f) = f**2 - 12*f + 16. Let h be z(11). Suppose 2*b - 60 - 8 = 3*i, -h*i - 103 = -3*b. What is the units digit of b?
1
Let w(u) = -u**2. Let b(q) = 4*q**2 - q - 5. Let f(y) = -b(y) - 3*w(y). Let d = 1 - 1. What is the units digit of f(d)?
5
Let g be 20 + -1 + (-9)/9. What is the units digit of 0 + 4 + -1 + g?
1
Suppose 4*h = 5*w - 48, 0*w + 3*h = -w + 2. What is the units digit of w?
8
Let h = 9 - -9. What is the units digit of h?
8
Suppose -2*c + 55 = -c. Suppose 0 = k + 6*m - 3*m - 17, 0 = 5*k + 5*m - c. What is the units digit of k?
8
Suppose 4*u + 10 = -6. Let z = u - -11. What is the units digit of z?
7
Let k = -12 + 69. What is the units digit of k?
7
Let z(n) = -n - 3. Let m(j) = j + 4. Let w(h) = -2*m(h) - 3*z(h). Let t be w(7). Suppose -b - 3*r = -29, -t*r + 84 = 4*b - 4*r. What is the units digit of b?
7
What is the units digit of (-1 + (5 - 5))*-101?
1
Suppose -6*m = -8*m + 68. Suppose m = 2*y - 48. What is the units digit of y?
1
Let m(l) = 2*l - 5. Let q be m(4). Suppose 8 = -v + q*v. What is the units digit of v?
4
Let g(w) = w**2 + 2*w - 5. What is the units digit of g(-7)?
0
Suppose 174 - 24 = w + z, 2*z = -3*w + 447. What is the tens digit of w?
4
Let k = 172 + -122. What is the tens digit of k?
5
Suppose 0 = -4*v - 4*g + 172, -4*g = -0*v - 4*v + 148. What is the units digit of v?
0
Let p(f) = f**2 - f + 1. Let a be p(2). Let y = a - 1. What is the units digit of y?
2
Let y(t) = 8*t**3 - 2*t**2 + 2*t - 1. Let v be y(1). What is the units digit of v/35 + 109/5?
2
Let b = 49 + 134. What is the units digit of b?
3
Suppose v - a - 28 = 0, 3*v + 3*a - 112 = -28. What is the units digit of v?
8
Let a be ((-4)/(-3))/(12/216). What is the units digit of (39/(-52))/((-1)/a)?
8
Let x(g) = 3*g**2 - 3*g - 7. What is the units digit of x(5)?
3
Let y(u) = -u**3 + u**2 - 1. Let a be y(-1). Let g be 3/(3/2) + a. Suppose 2*m + 6*x - 14 = 2*x, -12 = -g*m - 3*x. What is the units digit of m?
1
Let i be 2*2/3*3. Suppose -i*u + 12 = -0*u. What is the units digit of u?
3
What is the units digit of 0/(-7) - (3 - 214)?
1
Suppose 5*p + 830 = 3*y, 0 = -4*y + 2*p + 81 + 1021. Suppose v = 2*m - 98, -2*v + 29 = -5*m + y. What is the units digit of m?
0
Suppose -z = 4 + 2. Let m be (1/1)/((-2)/z). Let b(g) = g - 1. What is the units digit of b(m)?
2
Let o be 0 - (1 + 0 + -1). Suppose m + 6 + 17 = c, o = 2*c + m - 40. What is the units digit of c?
1
Suppose -a - 5*u - 23 = -5*a, -7 = -a + u. What is the tens digit of a?
1
Suppose -5*f = -x - 5, 2*f = 2*x - 7*x + 2. Let h = f + 18. What is the units digit of h?
9
Let t = -60 - -234. What is the hundreds digit of t?
1
Suppose -1 = -2*n - 7. Let y(i) = -2*i - 6. Let j be y(-6). What is the units digit of (5/(-2))/(n/j)?
5
Suppose -7*x = -3*x - 20. Suppose -5*t + 4*w = -90 - 53, 4*w - 127 = -x*t. What is the units digit of t?
7
Suppose 5*z = 322 + 148. What is the tens digit of z?
9
Suppose 0 = -3*b + b + 6. Suppose b + 0 = 3*o. Suppose -3*x + o = -23. What is the units digit of x?
8
What is the tens digit of (22/(-4))/((-14)/420)?
6
Suppose 0*s + 2*s = 2. What is the units digit of (-1 + 4)*s - -3?
6
Let l = -60 + 132. What is the units digit of l?
2
Let g(d) = d**2 - 7*d + 3. Let m be g(7). Suppose -3*o + 42 = -5*j, -m*j + 3 = 2*o - 6. What is the units digit of o?
9
Suppose 0 = -4*l - 3*z - 3 - 0, 2*l + z + 3 = 0. Let u = 5 + l. Suppose u*v = -0*n + 2*n, 4*n = -5*v + 36. What is the units digit of v?
4
What is the tens digit of (176 + 2)/2 + -1?
8
Let r(b) = -b**2 + 5*b - 3. Let o be r(3). Let k(m) = 5*m**2 + 4*m**3 + m**2 + 5 - 3*m**o. What is the units digit of k(-6)?
5
Let r = 28 + 48. What is the units digit of r?
6
Let c = -31 - -22. Suppose -5*g + 5*b + 105 = 0, 5*g - 2*g - 55 = b. Let x = c + g. What is the units digit of x?
8
Let i(x) = -x - 5. Let g(h) = h**3 - h**2 - 3. Let w be g(0). Let c be i(w). What is the units digit of c/8 - 27/(-12)?
2
Suppose 2*s + b = 86, -2*s + 87 + 11 = 4*b. What is the units digit of s?
1
Suppose t = 2*t. Suppose t*b + 15 = 5*b. What is the units digit of b?
3
Suppose 0 = -0*s + 2*s - g + 54, -g + 26 = -s. Let c = 41 + s. What is the tens digit of c?
1
Let u be (18 + 3)/(-1) - -2. Let q = -2 - u. What is the units digit of q?
7
What is the units digit of 1 - 171/(12/(-4))?
8
Let n(j) = -2*j + 28. What is the units digit of n(-13)?
4
Let f = 25 + -15. Suppose -q + 15 = 3*c, 0 = -2*c + c + 4. Suppose -q*s + f = 1. What is the units digit of s?
3
Suppose -3*o - 3 = -2*z, -2 = -2*z - 0*z + 2*o. Let s = z + -6. What is the units digit of 1/2 + (-45)/s?
8
Let i be 411/6 - (-6)/4. Let y = -50 + i. What is the tens digit of y?
2
Let n be (13 + 1)*55/(-22). Let x = -23 - n. What is the units digit of x?
2
Suppose -10 = -0*g - g. Suppose -4*i - 2*n = 10, -n + 2 = 5*i + 7. Suppose v - 3*v + g = i. What is the units digit of v?
5
Suppose -5*w - g + 45 = 4*g, 36 = 2*w - 4*g. What is the units digit of w?
2
Let j(i) = -5*i**2 - i + 1. Let o(y) = -6*y**2 - y + 1. Let k(w) = 5*j(w) - 4*o(w). Let f(m) be the first derivative of k(m). What is the units digit of f(-5)?
9
Suppose -3*a + 4*z = 10, a + a - 4*z = -8. Let g be 1 - (a/(-2) + -10). Suppose 2 = -2*h + 3*b + 6, -5*h + g = -b. What is the units digit of h?
2
Let s = -4 + 6. What is the units digit of s?
2
Let l(p) = p**2 + 5*p + 2. Let a be l(-5). Suppose 4*d = w + 19, -5 = -3*w - 2. Suppose -48 = -d*y + a. What is the tens digit of y?
1
Suppose 5*m = -20, 4*m - 50 + 215 = s. What is the hundreds digit of s?
1
Suppose 3*q - 10 = 5. What is the units digit of q?
5
Let x(d) = d**3 + d**2 + d + 3. What is the tens digit of x(4)?
8
Suppose -3*f = 9 + 6. What is the units digit of (12/(-20))/(1/f)?
3
Let p = -13 + 54. Suppose 19 = -2*s + f - 23, -84 = 4*s + 2*f. Let z = s + p. What is the units digit of z?
0
Let o(p) = 7*p**2 - 10*p + 9. What is the tens digit of o(8)?
7
Suppose 4*a + 2*h = 4*h + 160, -3*a = -3*h - 120. Suppose -4*u = -2 - 6. Suppose -u*o + a = 3*k, -2*k - 2*o = -5*k + 56. What is the tens digit of k?
1
Let a(n) = -60*n + 2. What is the units digit of a(-1)?
2
Let d(w) = w**3 - w**2 - 4*w - 3. Let k be d(-2). Let q(f) = -f**3 - 6*f**2 + 7*f + 10. Let g be q(k). Suppose g = x + 1. What is the units digit of x?
9
Let h(x) = x**3 + 9*x**2 + 6*x - 10. Let t(n) = n**2 + 5*n - 8. Let c be t(-7). Let z be 4/c*-4*3. What is the units digit of h(z)?
6
Let r(i) = i**2 + 18*i + 10. What is the tens digit of r(-22)?
9
Let g = 166 - 7. What is the tens digit of g?
5
Let i = -7 - -13. Let v be 15/i*(-8)/(-5). Suppose -4*l 